-8)/6. Suppose r*n + c = 34, -4*n - n - 2*c + 83 = 0. Is n composite?
True
Let k be ((225/6)/5)/(45/36120). Let d = -3517 + k. Is d a prime number?
True
Suppose 7*x - 12 = -5. Let m be 2*3 - 4/x. Suppose m*i - 2*t = 1746, 4*t = -5*i + 1575 + 2826. Is i a prime number?
True
Let d(x) = -16*x**2 - 68*x + 29. Let p(m) = -7*m**2 - 34*m + 14. Let l(w) = -3*d(w) + 7*p(w). Is l(-6) a prime number?
True
Let v(l) = 24*l - 9. Let p be v(6). Is (5 + p/10)*26 composite?
True
Let r(t) = 3*t - 42. Let j be r(14). Suppose j = -3*w - 15, v - 3*w + 918 = 4*v. Is v prime?
True
Let f = 40 - 22. Suppose 15*z = f*z - 2757. Is z a prime number?
True
Suppose 10 = 11*t - 6*t. Suppose -1133 = -b - t*f, 2*b - 4*f - 1585 = 713. Is b a composite number?
True
Let y(k) = 9*k**2 - 2*k**2 - k**2 - k**3 - k + 6. Is y(5) composite?
True
Let z be 3/(-1) - (3 + 156). Let p = z - -653. Is p prime?
True
Suppose 0 = -3*p + b + 16631, p + 2*b = 2*p - 5537. Is p prime?
False
Let d(k) = -1 - 84*k**2 + 81*k**2 + 4 - k. Let c be d(-5). Let a = 20 - c. Is a composite?
True
Let j be 7 - (5 - 6)*-3. Is -2 - (1 + -1710 + j) prime?
False
Let y(q) = -4*q**3 - q**2 - q - 5. Let v(i) = -5*i**3 - i - 6. Let a(z) = 2*v(z) - 3*y(z). Let x be a(3). Let f = -32 + x. Is f composite?
True
Suppose -239 = -5*f + 676. Suppose -24*r = -14*r + 620. Let c = r + f. Is c composite?
True
Suppose 22*z - 3082556 - 130610 = 0. Is z prime?
False
Is ((-11995)/(-10))/((-57)/30 - -2) a prime number?
False
Let o be 76/14 - 12/28. Let n(i) = i**3 + 2*i**2 + 7*i + 3. Let u be n(o). Suppose 0*d + u = d. Is d a prime number?
False
Let g(t) be the first derivative of 25*t**2/2 - 12*t - 11. Is g(7) a composite number?
False
Let z = 29 + -25. Suppose -3*m = m + 4*w + z, -3*w - 9 = m. Suppose -144 + 1319 = 4*t - m*o, 5*t - 1469 = 4*o. Is t a composite number?
False
Suppose -4*b - 12798 = -2*q, 0 = 3*q + 5*b + 1877 - 21019. Is q composite?
False
Suppose 31*b - 31535 = 155426. Is b a prime number?
False
Let h be (-1 - (2 - 3))/(-2). Suppose a - 25 + 5 = h. Is 190/a*(1 + 9) a composite number?
True
Let t = -5413 + 7748. Is t prime?
False
Let h(q) = -q**2 - 3 + 1 + 2*q + 2*q**2 + 3. Let i be h(-2). Is ((-297)/i)/(-3) - 2 prime?
True
Let c be (-1044)/(-27)*33/(-2). Is c/(-6) + (-1)/3 prime?
False
Let i = 558 + 841. Is i a composite number?
False
Let d(w) = -w**3 + 3*w**2 + 9*w + 10. Let m be d(5). Suppose -1042 = -m*q - 3*s, -3*s - 607 = -5*q + 411. Is q a prime number?
False
Suppose -3*u + 12589 = 7*r - 2*r, -5*u = 5*r - 20985. Suppose 0 = 33*l - 35*l + u. Is l prime?
True
Let p(m) = m**3 + 10*m**2 - 11*m + 6. Let l be p(-11). Suppose -w + l = -0. Suppose -u - z = -w*z - 416, z - 865 = -2*u. Is u composite?
False
Let m(k) = 23*k + 11. Let f be (-1)/(-2) + 30/4. Let o be (36/f)/((-9)/(-12)). Is m(o) a prime number?
True
Let b(s) = 16603*s**2 - 4*s + 4. Is b(1) a composite number?
False
Let f be (-10)/20 - (-2)/4. Suppose f = 2*k + h - 184, k - 101 = -3*h - 2*h. Is k composite?
True
Let v be 0/((1/2)/(5/(-10))). Suppose 428 = 2*f - f - 3*l, -5*f + 4*l + 2107 = v. Is f a prime number?
True
Suppose -2*l = 3*l. Suppose -n + 2*n = l. Suppose -118 = -a + 3*v, 0*a - 4*a + v + 461 = n. Is a prime?
False
Suppose -4*a + 2*a - 5*p = -5136, -4*a = -5*p - 10272. Let h be 2/(-10) - (-26)/5. Suppose -h*f + n + a = 0, 0 = -f + 4*n - n + 508. Is f a prime number?
False
Suppose 3*s = 5*g - 8, -5 = -g + 2*s - 2. Let u = 63 + -66. Is u/(g/((-113)/3)) a composite number?
False
Let n(u) = u**3 + 16*u**2 - 8*u - 17. Is n(-14) a prime number?
True
Let w(k) = -k**2 + 121*k + 97. Is w(41) a composite number?
True
Suppose 3*j - 2*j - 761 = 0. Suppose -j = -4*o + 411. Is o composite?
False
Suppose -7*f + 105284 = -87783. Is f prime?
True
Suppose 0 = -0*z + 5*z - 4*x + 40, -4*x + 8 = 3*z. Let b be (3 - 4/z) + 4. Is 581*(-3 + b - 4) a prime number?
False
Let k(p) = -28*p - 17. Suppose 4*t - 1457 = -u, -u - 1828 = -0*t - 5*t. Let x be (-4)/10 + t/(-25). Is k(x) prime?
False
Let h be (8/3)/(1/(6/4)). Suppose h*t - 2*t - 158 = 0. Is t composite?
False
Let p be 1/(-1)*108/(-18). Suppose 1939 + 1171 = 5*q. Is q/4 - 3/p a prime number?
False
Let g be -1 - (4*-2 - -2). Suppose -2 = 2*k - r - 5, g = r. Suppose 5*t - 2*l = 175, k*t - 68 - 72 = -l. Is t a prime number?
False
Suppose 2*g - 3*t = 26317, -39468 = -3*g + 7*t - 10*t. Is g a composite number?
True
Suppose -q + 1 = n, 3*q + 3*n = 7*n - 4. Let k(c) = c**3 + c**2 + c + 61. Let j be k(q). Let m = j - 12. Is m prime?
False
Suppose -5*v + 197193 = -6*z + 7*z, -z = -3*v + 118319. Is v prime?
True
Suppose -9*n = -1345 - 104. Is n a composite number?
True
Let a = -12 + 20. Suppose -a = -4*s, 2*r + 2*r + 2*s - 80 = 0. Is r a composite number?
False
Let y(p) = -2*p**3 - 35*p**2 + 45*p - 185. Is y(-34) prime?
True
Suppose 4*s = 3*z - z - 24, 0 = -4*z + 2*s + 24. Let h be -1 + -2 + 1084/z. Suppose y - h = 3*k, 3*k = 3*y - 2*k - 808. Is y a composite number?
False
Let y be (-6770)/15*(-21)/2. Suppose 652 = 3*a - y. Is a prime?
False
Suppose 11 = -5*y - 4*d, -7 - 16 = -3*y + 5*d. Let k(s) = -74*s**3 + 3*s**2 + 5. Let b(f) = -f**2 - 1. Let i(q) = y*k(q) + 4*b(q). Is i(-1) prime?
False
Let c(x) = x + 20. Let h be c(-9). Suppose -2346 = 5*t - h*t. Is t a prime number?
False
Let r(d) = 999*d - 5. Let w be r(-4). Let k = w + 6904. Is k a composite number?
False
Suppose -3*y = 5*y - 97912. Is y a prime number?
True
Suppose -2*n + 0*d + 14630 = -4*d, -2*d = 3*n - 21921. Is n composite?
False
Let x(p) = p**2 - 9*p. Let r be x(7). Is ((-2172)/r + (-3)/21)/1 a composite number?
True
Let n(i) = 188*i + 17. Let p be n(-7). Let s = p + 2176. Is s composite?
False
Let y(x) = x**3 + 14*x**2 + x + 14. Let l be y(-14). Suppose l = -3*n + f + 143 + 2376, 5*n + 2*f - 4191 = 0. Is n a prime number?
True
Let p(r) = -r**3 - 8*r**2 - r - 7. Let v be p(-8). Let t = 6 + v. Let z(k) = k**3 - 6*k**2 + 10*k - 4. Is z(t) prime?
False
Let s = 0 + 123. Is s prime?
False
Let i(d) = 517*d**2 + 3*d - 7. Is i(6) a prime number?
False
Suppose 20 = 5*d + 3*g - 12, -4*d = -4*g. Suppose 0 = d*n - 6*n + 158. Is n a prime number?
True
Let d(r) = -2*r**3 + r**3 - 32*r**2 - 3*r - 7 + 30*r**2. Suppose -3*w = -2*g + 10, 0 = 2*w + 3*g + 12 + 12. Is d(w) a composite number?
True
Let y(r) = 6009*r**2 + 14*r + 11. Is y(-2) prime?
True
Let k be (5 + -5 + 0)/(-3). Suppose -3*o + c = -k*c - 630, -o + 208 = -c. Is o composite?
False
Let u be (-4)/(-12) + (-3130)/(-6). Let q = -223 + 228. Suppose -4*h + m = -428, -3*m + u = q*h - m. Is h a prime number?
False
Is (9 - 12/(-6))/((-1)/(-347)) prime?
False
Suppose 0 = -5*o + 36919 + 11326. Is o a composite number?
False
Suppose 2*s + c = -c + 16, c = -3*s + 16. Let m be -28*1 + -6 + s. Let t = m + 175. Is t a prime number?
False
Let s = -92 + 2425. Is s a prime number?
True
Let t(d) = d**2 - 4*d + 4. Let k be t(2). Suppose -10*h + 13*h - 507 = k. Is h composite?
True
Let u(j) = 219*j + 132 - 133 - 2052*j. Let n be u(-1). Suppose 0 = -6*z + 982 + n. Is z prime?
False
Is (-19 - -17)*(-25778)/4 a composite number?
False
Is ((-1)/1)/((-19)/65683) prime?
True
Let z = 156186 - 82473. Is z composite?
True
Let r be (2/4)/(6/516). Suppose -3*z - 30 = 3*p, p + 5*z + r = -3*p. Let x(u) = -68*u + 11. Is x(p) a composite number?
False
Suppose -20 = -4*c, 4*p + c = p + 23. Suppose 0 = 4*w - 2*g - 90, 3*w + p*g = 2*g + 73. Is w composite?
False
Suppose -3*x = g + 120, -4*g + 2*x - 346 = 120. Let l = g + 266. Is l composite?
False
Let o(y) = y**2 - 2*y + 422. Is o(0) a composite number?
True
Suppose -k + 2068 + 949 = 0. Is k a prime number?
False
Suppose -3*s = -4*v - 69347, 0 = 9*v - 4*v - 5. Is s composite?
False
Let v be (-70)/(1*(-1)/5). Let x = v - 221. Let y = x - -550. Is y a prime number?
False
Suppose 28*g - 27*g - 1891 = -4*j, -2*g = 4*j - 3798. Is g a composite number?
False
Let x(b) = 3*b + 9. Let t be x(-3). Is (-37)/(t/(-3) + 1/(-11)) a prime number?
False
Is -10*16/40 + 77069 a prime number?
False
Let q = 7713 - 3738. Suppose 4*n - 3*b = 6325, 0 = 3*n + 3*b - 795 - q. Is n prime?
False
Let o be (0 + -1 - 2)*-3. Suppose o*j - 21 = 4*j + d, -17 = -3*j + 5*d. Is 331/j - (-14)/56 prime?
True
Suppose -3*i - 7102 = -4*n, 0 = 3*n + 2*i - 2956 - 2362. Suppose -3368 = -4*b - 2*h, -5*h - 82 = 2*b - n. Is b composite?
True
Let d = 7227 - 